{"id":923,"date":"2021-10-20T11:08:20","date_gmt":"2021-10-20T15:08:20","guid":{"rendered":"https:\/\/www.monmouth.edu\/eof\/?page_id=923"},"modified":"2026-01-30T13:47:35","modified_gmt":"2026-01-30T18:47:35","slug":"es","status":"publish","type":"page","link":"https:\/\/www.monmouth.edu\/eof\/admission\/es\/","title":{"rendered":"Educational Opportunity Fund (EOF) Program en Monmouth University (ES)"},"content":{"rendered":"\n<p class=\"has-text-align-right\"><a href=\"https:\/\/www.monmouth.edu\/eof\/admission\/\">View this page in english<\/a><\/p>\n\n\n\n<p>La misi\u00f3n de Educational Opportunity Fund Program (EOF) en la Universidad de Monmouth es para proveer acceso a estudiantes motivados de Nueva Jersey que vienen de distritos escolares desfavorecidos y econ\u00f3micamente. Pero exhiben el potencial para lograr una educaci\u00f3n de pregrado. Nuestros estudiantes reciben admisi\u00f3n a tiempo completo, apoyo financiero y servicios integrales necesarios para lograr el \u00e9xito acad\u00e9mico, fomentar el crecimiento personal y el desarrollo profesional.<\/p>\n\n\n\n<p>Adem\u00e1s, nuestros estudiantes se involucran en oportunidades de aprendizaje transformador que los empoderan para convertirse en aprendices de por vida, pensadores cr\u00edticos, l\u00edderes \u00e9ticos y ciudadanos productivos en una sociedad global diversa.<\/p>\n\n\n\n<div class=\"wp-block-buttons is-layout-flex wp-block-buttons-is-layout-flex\">\n<div class=\"wp-block-button is-style-in-page-has-chevron\"><a class=\"wp-block-button__link wp-element-button\" href=\"http:\/\/monmouth.edu\/apply\">Aplica ya<\/a><\/div>\n<\/div>\n\n\n\n<figure class=\"wp-block-embed is-type-video is-provider-vimeo wp-block-embed-vimeo\"><div class=\"wp-block-embed__wrapper\">\n<iframe loading=\"lazy\" loading=\"lazy\" title=\"Video: EOF en Monmouth\" loading=\"lazy\" src=\"https:\/\/player.vimeo.com\/video\/601854632?dnt=1&amp;app_id=122963\"  style='width: 500px; height: 281px;'  allow=\"autoplay; fullscreen; picture-in-picture; clipboard-write; encrypted-media; web-share\" referrerpolicy=\"strict-origin-when-cross-origin\"><\/iframe>\n<\/div><\/figure>\n\n\n<h2 class=\"wp-block-heading\" id=\"califico-para-el-programa-eof\">\u00bfCalifico para el programa EOF?<\/h2>\n\n\n<p>Para recibir los fondos de EOF, debe inscribirse como estudiante de tiempo completo con un m\u00ednimo de 12 cr\u00e9ditos por semestre.<\/p>\n\n\n\n<p>Para ser elegible para EOF, debe:<\/p>\n\n\n\n<ul class=\"wp-block-list\">\n<li>Tener un diploma de escuela secundaria o equivalente<\/li>\n\n\n\n<li>Ser residente de Nueva Jersey 12 meses consecutivos antes de recibir los fondos<\/li>\n\n\n\n<li>Enviar una solicitud de admisi\u00f3n a la Universidad de Monmouth<\/li>\n\n\n\n<li>Inscr\u00edbase como estudiante de tiempo completo con un m\u00ednimo de 12 cr\u00e9ditos por semestre<\/li>\n\n\n\n<li>Completar la solictud Free Application for Federal Student Aid (FAFSA); o la NJ Alternative Financial Aid Application<\/li>\n\n\n\n<li>Cumplir con las guias de admisi\u00f3n para EOF de la Universidad de Monmouth<\/li>\n\n\n\n<li>Tener al menos 54 cr\u00e9ditos transferibles * solo para estudiantes de transferencia<\/li>\n\n\n\n<li><a href=\"https:\/\/www.nj.gov\/highereducation\/EOF\/EOF_Eligibility.shtml\">Cumplir con las guias de elegibilidad de ingresos de la Universidad y del estado<\/a><\/li>\n\n\n\n<li>Demonstrar que tienen desfavorecidos educativa y econ\u00f3micamente<\/li>\n<\/ul>\n\n\n\n<div class=\"wp-block-group is-layout-flow wp-block-group-is-layout-flow\"><h3 class=\"wp-block-heading\" id=\"20262027-eof-escala-de-admisibilidad-de-los-ingresos-con-el-calculo-del-limite-de-activos\"><strong>2026\u20132027 EOF Escala de admisibilidad de los ingresos con el c\u00e1lculo del l\u00edmite de activos<\/strong><\/h3>\n\n\n<figure class=\"wp-block-table\"><table class=\"has-fixed-layout\"><thead><tr><th>Solicitantes con un tama\u00f1o de hogar<\/th><th>Ingresos brutos (sin exceder)<\/th><th>l\u00edmite m\u00e1ximo de activos (sin exceder)<\/th><\/tr><\/thead><tbody><tr><td>1<\/td><td>$31,300<\/td><td>$6,260<\/td><\/tr><tr><td>2<\/td><td>$42,300<\/td><td>$8,460<\/td><\/tr><tr><td>3<\/td><td>$53,300<\/td><td>$10,660<\/td><\/tr><tr><td>4<\/td><td>$64,300<\/td><td>$12,860<\/td><\/tr><tr><td>5<\/td><td>$75,300<\/td><td>$15,060<\/td><\/tr><tr><td>6<\/td><td>$86,300<\/td><td>$17,260<\/td><\/tr><tr><td>7<\/td><td>$97,300<\/td><td>$19,460<\/td><\/tr><tr><td>8<\/td><td>$108,300<\/td><td>$21,660<\/td><\/tr><tr><td>8+<\/td><td>A\u00f1ada $11,000 por cada miembro adicional de la familia<\/td><td>A\u00f1ada 2,200 d\u00f3lares por cada miembro adicional de la familia<\/td><\/tr><\/tbody><\/table><\/figure>\n<\/div>\n\n\n<h2 class=\"wp-block-heading\" id=\"como-puedo-solicitar-al-programa-de-eof\">\u00bfC\u00f3mo puedo solicitar al programa de EOF?<\/h2>\n\n\n<p>El programa EOF es competitivo con espacios limitados. Le recomendamos que se soliciten al programa y a la Universidad de Monmouth lo antes posible.<\/p>\n\n\n<h3 class=\"wp-block-heading\" id=\"admision-de-eof-en-monmouth\">Admisi\u00f3n de EOF en Monmouth<\/h3>\n\n\n<ul class=\"wp-block-list\">\n<li>Solicitantes deben indicar su inter\u00e9s en el programa en su solicitud de la Universidad de Monmouth o Common Aplicaci\u00f3n.<\/li>\n\n\n\n<li>Despu\u00e9s de enviar una solicitud completa y indicando EOF, se le enviar\u00e1 un enlace de correo electr\u00f3nico para completar una solicitud de EOF y un ensayo.<\/li>\n\n\n\n<li>Dado que el estado requiere que tengamos en cuenta la informaci\u00f3n financiera para su consideraci\u00f3n. Est\u00e9 preparado para responder cualquier pregunta financiera al completar la solicitud.<\/li>\n\n\n\n<li>Si creemos que usted puede ser un buen candidato, lo invitaremos a una entrevista con EOF.<\/li>\n\n\n\n<li>El programa EOF en la Universidad de Monmouth es competitivo con espacios limitados.<\/li>\n<\/ul>\n\n\n<h3 class=\"wp-block-heading\" id=\"proceso-de-admision-para-transferencia-de-eof\">Proceso de admisi\u00f3n para transferencia de EOF<\/h3>\n\n\n<p>Los estudiantes transferidos que est\u00e9n interesados en aplicando para EOF deben indicar su inter\u00e9s en la aplicaci\u00f3n Common App o en la aplicaci\u00f3n de Monmouth. Esto enviar\u00e1 autom\u00e1ticamente por correo electr\u00f3nico nuestra aplicaci\u00f3n suplementaria para que se complete en l\u00ednea. Todos los estudiantes de transferencia que sean aceptados en nuestro programa recibir\u00e1n servicios de apoyo.&nbsp; Reuniones con sus consejeros individuales, talleres, compromisos sociales y recursos. Estudiantes con 54 o m\u00e1s cr\u00e9ditos transferibles ser\u00e1n posible elegibles para una beca del estado de NJ de EOF y una beca de EOF de la universidad. Estudiantes con menos de 54 cr\u00e9ditos ser\u00e1n posible elegibles para una beca del estado de NJ de EOF.<\/p>\n\n\n<h4 class=\"wp-block-heading\" id=\"el-proceso-de-transferencia-para-eof\">El proceso de transferencia para EOF:<\/h4>\n\n\n<ol style=\"list-style-type:video\" class=\"wp-block-list\">\n<li>Completar su solicitud de admisi\u00f3n con <a href=\"https:\/\/www.monmouth.edu\/apply\/\">Monmouth o Common App<\/a>.<\/li>\n\n\n\n<li>Completar la aplicaci\u00f3n de EOF.<\/li>\n\n\n\n<li>Envia la forma de transferencia de EOF si fue un participante anterior de EOF en otro colegio o universidad de NJ.<\/li>\n\n\n\n<li>Asistir una sesi\u00f3n de transferencia de EOF.<\/li>\n\n\n\n<li>Completar una entrevista individual con un miembro del personal de EOF<\/li>\n<\/ol>\n\n\n<h2 class=\"wp-block-heading\" id=\"preguntas\">\u00bfPreguntas?<\/h2>\n\n<div class=\"wp-block-mu-contact has-image\">\n\t\t\t<div class=\"imageWrapper\"><figure class=\"wp-block-image size-large\"><img width=\"1000\" height=\"1000\" style=\"object-position: 48.035% 24.55%\" src=\"https:\/\/www.monmouth.edu\/directory\/wp-content\/uploads\/sites\/476\/2024\/01\/013A9379-2.jpg\" class=\"attachment-full size-full wp-post-image\" alt=\"\" decoding=\"async\" loading=\"lazy\" srcset=\"https:\/\/www.monmouth.edu\/directory\/wp-content\/uploads\/sites\/476\/2024\/01\/013A9379-2.jpg 1000w, https:\/\/www.monmouth.edu\/directory\/wp-content\/uploads\/sites\/476\/2024\/01\/013A9379-2-300x300.jpg 300w, https:\/\/www.monmouth.edu\/directory\/wp-content\/uploads\/sites\/476\/2024\/01\/013A9379-2-150x150.jpg 150w, https:\/\/www.monmouth.edu\/directory\/wp-content\/uploads\/sites\/476\/2024\/01\/013A9379-2-768x768.jpg 768w\" sizes=\"auto, (max-width: 1000px) 100vw, 1000px\" \/><\/figure><\/div>\n\t\t\t<div class=\"nameAndTitle\">\n\t\t\t\t<h2 class=\"name block-title\"><a href=\"https:\/\/www.monmouth.edu\/directory\/profiles\/mdiaztav\/\">Melanie Diaz Tavarez<\/a><\/h2>\n\t\t\t\t<p class=\"title component-title\">EOF Student Contact<\/p>\n\t\t\t<\/div>\n\t\t\t<div class=\"bioText\">\n\t\t\t\t<div class=\"bodycopy\">\n\n<p>Admission Counselor<\/p>\n\n<\/div>\n\t\t\t\t<p class=\"dept\">Admission \u2013 Undergraduate<\/p>\n\t\t\t\t<p class=\"office\">The Great Hall at Shadow Lawn, Admissions<\/p>\n\t\t\t\t\n\t\t\t\t<div>\n\t\t\t\t\t<p class=\"phone\"><a href=\"tel:732.263.5349\">732-263-5349<\/a><\/p>\n\t\t\t\t\t<p class=\"email\"><a href=\"mailto:mdiaztav@monmouth.edu\" title='Email Melanie'>mdiaztav@monmouth.edu<\/a><\/p>\n\t\t\t\t\t\n\t\t\t\t<\/div>\n\t\t\t<\/div>\n\t\t<\/div>\n\n\n<div style=\"height:50px\" aria-hidden=\"true\" class=\"wp-block-spacer\"><\/div>\n","protected":false},"excerpt":{"rendered":"<p>View this page in english La misi\u00f3n de Educational Opportunity Fund Program (EOF) en la Universidad de Monmouth es para proveer acceso a estudiantes motivados de Nueva Jersey que vienen de distritos escolares desfavorecidos y econ\u00f3micamente. Pero exhiben el potencial para lograr una educaci\u00f3n de pregrado. Nuestros estudiantes reciben admisi\u00f3n a tiempo completo, apoyo financiero [&hellip;]<\/p>\n","protected":false},"author":11,"featured_media":0,"parent":925,"menu_order":0,"comment_status":"closed","ping_status":"closed","template":"","meta":{"_mu_eop_enabled":false,"_mu_eop_name":"","_mu_eop_name_override":false,"_mu_eop_description":"","_mu_eop_description_override":false,"_mu_eop_url":"","_mu_eop_url_override":false,"_mu_eop_program_type":"","_mu_eop_educational_credential":"","_mu_eop_time_to_complete":"","_mu_eop_number_of_credits":"","_mu_eop_occupational_category":"","_mu_eop_occupational_category_code":"","_mu_eop_program_prerequisites":"","_mu_eop_application_deadline":"","_mu_eop_application_start_date":"","_mu_eop_start_date":"","_mu_eop_end_date":"","_mu_eop_day_of_week":"","_mu_eop_time_of_day":"","_mu_eop_educational_program_mode":"","_mu_eop_financial_aid_eligible":"","_mu_eop_maximum_enrollment":"","_mu_eop_offers_price":"","_mu_eop_offers_currency":"USD","_mu_eop_offers_price_per":"","_mu_eop_offers_preset":"","_mu_eop_salary_upon_completion":"","_mu_eop_training_salary":"","_mu_eop_recognized_by_name":"","_mu_eop_recognized_by_url":"","_mu_eop_concentrations":"","_mu_eop_identifier_cip":"","_mu_eop_provider_name":"","_mu_eop_provider_name_override":false,"_mu_eop_provider_url":"","_mu_eop_provider_address":"","_mu_eop_provider_city":"","_mu_eop_provider_state":"","_mu_eop_provider_zip":"","_mu_eop_provider_country":"","footnotes":""},"class_list":["post-923","page","type-page","status-publish","hentry"],"_links":{"self":[{"href":"https:\/\/www.monmouth.edu\/eof\/wp-json\/wp\/v2\/pages\/923","targetHints":{"allow":["GET"]}}],"collection":[{"href":"https:\/\/www.monmouth.edu\/eof\/wp-json\/wp\/v2\/pages"}],"about":[{"href":"https:\/\/www.monmouth.edu\/eof\/wp-json\/wp\/v2\/types\/page"}],"author":[{"embeddable":true,"href":"https:\/\/www.monmouth.edu\/eof\/wp-json\/wp\/v2\/users\/11"}],"replies":[{"embeddable":true,"href":"https:\/\/www.monmouth.edu\/eof\/wp-json\/wp\/v2\/comments?post=923"}],"version-history":[{"count":12,"href":"https:\/\/www.monmouth.edu\/eof\/wp-json\/wp\/v2\/pages\/923\/revisions"}],"predecessor-version":[{"id":1161,"href":"https:\/\/www.monmouth.edu\/eof\/wp-json\/wp\/v2\/pages\/923\/revisions\/1161"}],"up":[{"embeddable":true,"href":"https:\/\/www.monmouth.edu\/eof\/wp-json\/wp\/v2\/pages\/925"}],"wp:attachment":[{"href":"https:\/\/www.monmouth.edu\/eof\/wp-json\/wp\/v2\/media?parent=923"}],"curies":[{"name":"wp","href":"https:\/\/api.w.org\/{rel}","templated":true}]}}